{"id":9,"date":"2026-05-07T14:25:25","date_gmt":"2026-05-07T14:25:25","guid":{"rendered":"https:\/\/ee88.mobile\/?page_id=9"},"modified":"2026-05-07T14:28:54","modified_gmt":"2026-05-07T14:28:54","slug":"ee88","status":"publish","type":"page","link":"https:\/\/ee88.mobile\/","title":{"rendered":"EE88"},"content":{"rendered":"\n\t<section class=\"section\" id=\"section_1384622042\">\n\t\t<div class=\"section-bg fill\" >\n\t\t\t\t\t\t\t\t\t\n\t\t\t\n\n\t\t<\/div>\n\n\t\t\n\n\t\t<div class=\"section-content relative\">\n\t\t\t\n\t<div class=\"img has-hover x md-x lg-x y md-y lg-y\" id=\"image_1695672827\">\n\t\t\t\t\t\t\t\t<div class=\"img-inner dark\" >\n\t\t\t<img loading=\"lazy\" decoding=\"async\" width=\"1920\" height=\"800\" src=\"https:\/\/ee88.mobile\/wp-content\/uploads\/2026\/05\/dang-ky-ee88-bu-ngay-188k.jpg\" class=\"attachment-original size-original\" alt=\"\u0111\u0103ng k\u00fd ee88 b\u00fa ngay 188k\" srcset=\"https:\/\/ee88.mobile\/wp-content\/uploads\/2026\/05\/dang-ky-ee88-bu-ngay-188k.jpg 1920w, https:\/\/ee88.mobile\/wp-content\/uploads\/2026\/05\/dang-ky-ee88-bu-ngay-188k-300x125.jpg 300w, https:\/\/ee88.mobile\/wp-content\/uploads\/2026\/05\/dang-ky-ee88-bu-ngay-188k-1024x427.jpg 1024w, https:\/\/ee88.mobile\/wp-content\/uploads\/2026\/05\/dang-ky-ee88-bu-ngay-188k-768x320.jpg 768w, https:\/\/ee88.mobile\/wp-content\/uploads\/2026\/05\/dang-ky-ee88-bu-ngay-188k-1536x640.jpg 1536w\" sizes=\"auto, (max-width: 1920px) 100vw, 1920px\" \/>\t\t\t\t\t\t\n\t\t\t\t\t<\/div>\n\t\t\t\t\t\t\t\t\n<style>\n#image_1695672827 {\n  width: 100%;\n}\n<\/style>\n\t<\/div>\n\t\n<div class=\"row\"  id=\"row-234593029\">\n\n\t<div id=\"col-632252428\" class=\"col small-12 large-12\"  >\n\t\t\t\t<div class=\"col-inner\"  >\n\t\t\t\n\t\t\t\n<div class=\"container section-title-container\">\n<h1 class=\"section-title section-title-center\"><span class=\"section-title-main\">EE88 &#8211; Nh\u00e0 C\u00e1i EE88 COM S\u00e2n Ch\u01a1i Casino Tr\u1ef1c Tuy\u1ebfn M\u1edbi +188K<\/span><b><\/b><\/h1>\n<\/div>\n<blockquote>\n<p data-start=\"283\" data-end=\"763\"><strong data-start=\"283\" data-end=\"291\">EE88<\/strong>\u00a0l\u00e0 th\u01b0\u01a1ng hi\u1ec7u c\u00e1 c\u01b0\u1ee3c tr\u1ef1c tuy\u1ebfn h\u00e0ng \u0111\u1ea7u t\u1ea1i th\u1ecb tr\u01b0\u1eddng Vi\u1ec7t Nam, \u0111\u01b0\u1ee3c \u0111\u00f4ng \u0111\u1ea3o ng\u01b0\u1eddi ch\u01a1i tin t\u01b0\u1edfng nh\u1edd\u00a0<strong data-start=\"399\" data-end=\"468\">uy t\u00edn v\u1eadn h\u00e0nh, t\u00ednh minh b\u1ea1ch cao v\u00e0 ti\u00eau chu\u1ea9n qu\u1ea3n l\u00fd qu\u1ed1c t\u1ebf<\/strong>. Theo th\u1ed1ng k\u00ea n\u1ed9i b\u1ed9 n\u0103m 2025, n\u1ec1n t\u1ea3ng n\u00e0y ghi nh\u1eadn h\u01a1n\u00a0<strong data-start=\"527\" data-end=\"571\">2,5 tri\u1ec7u ng\u01b0\u1eddi d\u00f9ng ho\u1ea1t \u0111\u1ed9ng m\u1ed7i th\u00e1ng<\/strong>, trung b\u00ecnh\u00a0<strong data-start=\"584\" data-end=\"629\">3.500 t\u00e0i kho\u1ea3n m\u1edbi \u0111\u01b0\u1ee3c \u0111\u0103ng k\u00fd m\u1ed7i ng\u00e0y<\/strong>, c\u00f9ng\u00a0<strong data-start=\"636\" data-end=\"677\">t\u1ef7 l\u1ec7 gi\u1eef ch\u00e2n ng\u01b0\u1eddi ch\u01a1i \u0111\u1ea1t t\u1edbi 87%<\/strong>\u00a0\u2013 nh\u1eefng con s\u1ed1 cho th\u1ea5y v\u1ecb th\u1ebf v\u1eefng ch\u1eafc c\u1ee7a EE88 trong l\u0129nh v\u1ef1c gi\u1ea3i tr\u00ed tr\u1ef1c tuy\u1ebfn.<\/p>\n<\/blockquote>\n<p data-start=\"765\" data-end=\"1233\">EE88 ho\u1ea1t \u0111\u1ed9ng h\u1ee3p ph\u00e1p d\u01b0\u1edbi s\u1ef1 c\u1ea5p ph\u00e9p c\u1ee7a\u00a0<strong data-start=\"810\" data-end=\"820\">PAGCOR<\/strong>, \u0111\u1ed3ng th\u1eddi tr\u1ea3i qua qu\u00e1 tr\u00ecnh ki\u1ec3m \u0111\u1ecbnh nghi\u00eam ng\u1eb7t t\u1eeb t\u1ed5 ch\u1ee9c \u0111\u1ed9c l\u1eadp\u00a0<strong data-start=\"892\" data-end=\"906\">iTech Labs<\/strong>, \u0111\u1ea3m b\u1ea3o m\u00f4i tr\u01b0\u1eddng c\u00e1 c\u01b0\u1ee3c\u00a0<strong data-start=\"935\" data-end=\"978\">c\u00f4ng b\u1eb1ng, an to\u00e0n v\u00e0 b\u1ea3o m\u1eadt tuy\u1ec7t \u0111\u1ed1i<\/strong>. H\u1ec7 sinh th\u00e1i tr\u00f2 ch\u01a1i t\u1ea1i EE88 \u0111\u01b0\u1ee3c x\u00e2y d\u1ef1ng to\u00e0n di\u1ec7n v\u1edbi nhi\u1ec1u s\u1ea3n ph\u1ea9m h\u1ea5p d\u1eabn nh\u01b0\u00a0<strong data-start=\"1066\" data-end=\"1133\">c\u00e1 c\u01b0\u1ee3c th\u1ec3 thao, casino live, slot \u0111\u1ed5i th\u01b0\u1edfng, game b\u00e0i, \u0111\u00e1 g\u00e0<\/strong>, c\u00f9ng\u00a0<strong data-start=\"1140\" data-end=\"1201\">t\u1ef7 l\u1ec7 k\u00e8o c\u1ea1nh tranh v\u00e0 RTP lu\u00f4n \u0111\u01b0\u1ee3c c\u00f4ng khai minh b\u1ea1ch<\/strong>\u00a0tr\u00ean n\u1ec1n t\u1ea3ng v\u00e0 \u1ee9ng d\u1ee5ng EE88.<\/p>\n<p data-start=\"1235\" data-end=\"1512\">B\u00ean c\u1ea1nh \u0111\u00f3,\u00a0<strong data-start=\"1248\" data-end=\"1283\">h\u1ec7 th\u1ed1ng n\u1ea1p \u2013 r\u00fat ti\u1ec1n t\u1ef1 \u0111\u1ed9ng<\/strong>\u00a0gi\u00fap giao d\u1ecbch di\u1ec5n ra nhanh ch\u00f3ng, \u1ed5n \u0111\u1ecbnh. Quy tr\u00ecnh\u00a0<strong data-start=\"1339\" data-end=\"1364\">x\u00e1c th\u1ef1c KYC hi\u1ec7n \u0111\u1ea1i<\/strong>\u00a0k\u1ebft h\u1ee3p c\u00f9ng\u00a0<strong data-start=\"1378\" data-end=\"1420\">\u0111\u1ed9i ng\u0169 CSKH chuy\u00ean nghi\u1ec7p h\u1ed7 tr\u1ee3 24\/7<\/strong>, ph\u1ea3n h\u1ed3i t\u1ee9c th\u00ec, mang \u0111\u1ebfn tr\u1ea3i nghi\u1ec7m an t\u00e2m v\u00e0 li\u1ec1n m\u1ea1ch cho ng\u01b0\u1eddi ch\u01a1i t\u1ea1i\u00a0<strong data-start=\"1500\" data-end=\"1511\">EE88 VN<\/strong>.<\/p>\n<p data-start=\"1514\" data-end=\"1795\">V\u1edbi n\u1ec1n t\u1ea3ng c\u00f4ng ngh\u1ec7 ti\u00ean ti\u1ebfn, giao di\u1ec7n th\u00e2n thi\u1ec7n, t\u1ed1i \u01b0u hi\u1ec7u su\u1ea5t tr\u00ean c\u1ea3\u00a0<strong data-start=\"1595\" data-end=\"1628\">m\u00e1y t\u00ednh l\u1eabn thi\u1ebft b\u1ecb di \u0111\u1ed9ng<\/strong>, EE88 x\u1ee9ng \u0111\u00e1ng l\u00e0\u00a0<strong data-start=\"1648\" data-end=\"1712\">l\u1ef1a ch\u1ecdn h\u00e0ng \u0111\u1ea7u c\u1ee7a c\u1ed9ng \u0111\u1ed3ng y\u00eau th\u00edch c\u00e1 c\u01b0\u1ee3c tr\u1ef1c tuy\u1ebfn<\/strong>, kh\u1eb3ng \u0111\u1ecbnh \u0111\u1eb3ng c\u1ea5p c\u1ee7a m\u1ed9t\u00a0<strong data-start=\"1742\" data-end=\"1794\">nh\u00e0 c\u00e1i minh b\u1ea1ch \u2013 uy t\u00edn \u2013 ph\u00e1t tri\u1ec3n b\u1ec1n v\u1eefng<\/strong>.<\/p>\n\t\t<\/div>\n\t\t\t\t\t<\/div>\n\n\t\n<\/div>\n\t\t<\/div>\n\n\t\t\n<style>\n#section_1384622042 {\n  padding-top: 30px;\n  padding-bottom: 30px;\n}\n<\/style>\n\t<\/section>\n\t\n","protected":false},"excerpt":{"rendered":"","protected":false},"author":1,"featured_media":0,"parent":0,"menu_order":0,"comment_status":"closed","ping_status":"closed","template":"page-transparent-header-light.php","meta":{"footnotes":""},"class_list":["post-9","page","type-page","status-publish","hentry"],"_links":{"self":[{"href":"https:\/\/ee88.mobile\/index.php?rest_route=\/wp\/v2\/pages\/9","targetHints":{"allow":["GET"]}}],"collection":[{"href":"https:\/\/ee88.mobile\/index.php?rest_route=\/wp\/v2\/pages"}],"about":[{"href":"https:\/\/ee88.mobile\/index.php?rest_route=\/wp\/v2\/types\/page"}],"author":[{"embeddable":true,"href":"https:\/\/ee88.mobile\/index.php?rest_route=\/wp\/v2\/users\/1"}],"replies":[{"embeddable":true,"href":"https:\/\/ee88.mobile\/index.php?rest_route=%2Fwp%2Fv2%2Fcomments&post=9"}],"version-history":[{"count":3,"href":"https:\/\/ee88.mobile\/index.php?rest_route=\/wp\/v2\/pages\/9\/revisions"}],"predecessor-version":[{"id":13,"href":"https:\/\/ee88.mobile\/index.php?rest_route=\/wp\/v2\/pages\/9\/revisions\/13"}],"wp:attachment":[{"href":"https:\/\/ee88.mobile\/index.php?rest_route=%2Fwp%2Fv2%2Fmedia&parent=9"}],"curies":[{"name":"wp","href":"https:\/\/api.w.org\/{rel}","templated":true}]}}